{"id":427,"date":"2024-06-05T20:11:43","date_gmt":"2024-06-06T01:11:43","guid":{"rendered":"https:\/\/www.fundacionbiodiversa.org\/fundacion2024\/?page_id=427"},"modified":"2024-06-06T23:56:59","modified_gmt":"2024-06-07T04:56:59","slug":"ayudanos","status":"publish","type":"page","link":"https:\/\/www.fundacionbiodiversa.org\/fundacion2024\/es\/ayudanos\/","title":{"rendered":"Ayudanos"},"content":{"rendered":"<section class=\"l-section wpb_row height_auto width_full\"><div class=\"l-section-h i-cf\"><div class=\"g-cols vc_row via_grid cols_1 laptops-cols_inherit tablets-cols_inherit mobiles-cols_1 valign_top type_default stacking_default\"><div class=\"wpb_column vc_column_container\"><div class=\"vc_column-inner\">\n\t\t\t<!-- START PELICANO REVOLUTION SLIDER 6.7.18 --><p class=\"rs-p-wp-fix\"><\/p>\n\t\t\t<rs-module-wrap id=\"rev_slider_4_1_wrapper\" data-source=\"gallery\" style=\"visibility:hidden;background:transparent;padding:0;margin:0px auto;margin-top:0;margin-bottom:0;\">\n\t\t\t\t<rs-module id=\"rev_slider_4_1\" style=\"\" data-version=\"6.7.18\">\n\t\t\t\t\t<rs-slides style=\"overflow: hidden; position: absolute;\">\n\t\t\t\t\t\t<rs-slide style=\"position: absolute;\" data-key=\"rs-6\" data-title=\"Slide\" data-in=\"o:0;\" data-out=\"a:false;\">\n\t\t\t\t\t\t\t<img decoding=\"async\" src=\"\/\/www.fundacionbiodiversa.org\/fundacion2024\/wp-content\/plugins\/revslider\/sr6\/assets\/assets\/dummy.png\" alt=\"Slide\" title=\"Ayudanos\" class=\"rev-slidebg tp-rs-img rs-lazyload\" data-lazyload=\"\/\/www.fundacionbiodiversa.org\/fundacion2024\/wp-content\/plugins\/revslider\/sr6\/assets\/assets\/transparent.png\" data-no-retina>\n<!--\n\t\t\t\t\t\t\t--><rs-layer\n\t\t\t\t\t\t\t\tid=\"slider-4-slide-6-layer-1\" \n\t\t\t\t\t\t\t\tdata-type=\"image\"\n\t\t\t\t\t\t\t\tdata-rsp_ch=\"on\"\n\t\t\t\t\t\t\t\tdata-xy=\"x:-482px;y:-446px;\"\n\t\t\t\t\t\t\t\tdata-text=\"w:normal;\"\n\t\t\t\t\t\t\t\tdata-dim=\"w:2174px;h:1223px;\"\n\t\t\t\t\t\t\t\tdata-frame_0=\"sX:0.9;sY:0.9;\"\n\t\t\t\t\t\t\t\tdata-frame_1=\"sp:1000;\"\n\t\t\t\t\t\t\t\tdata-frame_999=\"o:0;st:w;\"\n\t\t\t\t\t\t\t\tstyle=\"z-index:5;\"\n\t\t\t\t\t\t\t><img decoding=\"async\" src=\"\/\/www.fundacionbiodiversa.org\/fundacion2024\/wp-content\/plugins\/revslider\/sr6\/assets\/assets\/dummy.png\" alt=\"\" class=\"tp-rs-img rs-lazyload\" width=\"2980\" height=\"1677\" data-lazyload=\"\/\/www.fundacionbiodiversa.org\/fundacion2024\/wp-content\/uploads\/2024\/07\/Couple-of-Chesnut-fronted-Macaw-Ara-severus-scaled.jpg\" data-no-retina> \n\t\t\t\t\t\t\t<\/rs-layer><!--\n-->\t\t\t\t\t<\/rs-slide>\n\t\t\t\t\t<\/rs-slides>\n\t\t\t\t<\/rs-module>\n\t\t\t\t<script>\n\t\t\t\t\tsetREVStartSize({c: 'rev_slider_4_1',rl:[1240,1024,778,480],el:[400],gw:[1240],gh:[400],type:'standard',justify:'',layout:'fullwidth',mh:\"0\"});if (window.RS_MODULES!==undefined && window.RS_MODULES.modules!==undefined && window.RS_MODULES.modules[\"revslider41\"]!==undefined) {window.RS_MODULES.modules[\"revslider41\"].once = false;window.revapi4 = undefined;if (window.RS_MODULES.checkMinimal!==undefined) window.RS_MODULES.checkMinimal()}\n\t\t\t\t<\/script>\n\t\t\t<\/rs-module-wrap>\n\t\t\t<!-- END REVOLUTION SLIDER -->\n<\/div><\/div><\/div><\/div><\/section><section class=\"l-section wpb_row height_auto\" id=\"team\"><div class=\"l-section-h i-cf\"><div class=\"g-cols vc_row via_grid cols_1 laptops-cols_inherit tablets-cols_inherit mobiles-cols_1 valign_top type_default stacking_default\"><div class=\"wpb_column vc_column_container\"><div class=\"vc_column-inner\"><div class=\"w-separator size_small\"><\/div><div class=\"wpb_text_column us_custom_f221e5ff\"><div class=\"wpb_wrapper\"><h4 style=\"text-align: left;\"><strong>\u00bfCom\u00f3 puedes ayudarnos ?<\/strong><\/h4>\n<\/div><\/div><div class=\"g-cols wpb_row via_grid cols_2-1 laptops-cols_inherit tablets-cols_1 mobiles-cols_1 valign_bottom type_default stacking_default\" style=\"--gap:20px;\"><div class=\"wpb_column vc_column_container\"><div class=\"vc_column-inner\"><div class=\"wpb_text_column us_custom_f221e5ff\"><div class=\"wpb_wrapper\"><p>Como patr\u00f3n recibes mensualmente un v\u00eddeo de los animales de la reserva y un bono de estancia en la reserva. Su dinero se destina a nuestros guardias forestales, a plantar \u00e1rboles y otras cosas que necesitamos para administrar la reserva.<\/p>\n<\/div><\/div><div class=\"w-separator size_small\"><\/div><div class=\"w-btn-wrapper align_left hide_on_mobiles\"><a class=\"w-btn us-btn-style_3\" href=\"https:\/\/www.patreon.com\/join\/friendsofelsilencio?redirect_uri=https:\/\/www.fundacionbiodiversa.org\/wordpress\/en\/spread-the-word\/&amp;utm_medium=widget\"><span class=\"w-btn-label\">Hazte Miembro<\/span><\/a><\/div><div class=\"w-separator size_small\"><\/div><div class=\"wpb_text_column us_custom_f221e5ff\"><div class=\"wpb_wrapper\"><p><strong>Transferencia bancaria:<\/strong>\u00a0Para donar directamente a nuestras cuentas bancarias colombianas, transfiera su donaci\u00f3n a:<\/p>\n<p>Helm Bank: Cuenta corriente N\u00b0 009 362 44-3<br \/>\n-o-<br \/>\nBancolombia: Cuenta de ahorros N\u00b0 19273103051<br \/>\nDestinatario: FUNDACION BIODIVERSA COLOMBIA<br \/>\nNIT: 900016874<\/p>\n<p>Si lo deseas puedes mencionar el proyecto en particular que deseas apoyar. Mira nuestros\u00a0\u00a0<a title=\"Nuestros proyectos\" href=\"https:\/\/www.fundacionbiodiversa.org\/wordpress\/?page_id=1045\">proyectos<\/a>\u00a0.<\/p>\n<p>Por favor\u00a0<a title=\"Cont\u00e1ctenos\" href=\"https:\/\/www.fundacionbiodiversa.org\/wordpress\/?page_id=1163\">cont\u00e1ctenos<\/a>\u00a0para requisitos espec\u00edficos.<\/p>\n<p><a title=\"Informaci\u00f3n para transferencias bancarias\" href=\"https:\/\/www.fundacionbiodiversa.org\/wordpress\/?page_id=2176\"><strong>Informaci\u00f3n adicional para donaciones internacionales<\/strong><\/a><\/p>\n<\/div><\/div><div class=\"w-separator size_small\"><\/div><div class=\"wpb_text_column us_custom_f221e5ff\"><div class=\"wpb_wrapper\"><p>Si simplemente desea hacer una donaci\u00f3n \u00fanica, apreciamos mucho las donaciones en efectivo o en especie.<\/p>\n<p><strong>Paypal o tarjeta de cr\u00e9dito:<\/strong><\/p>\n<\/div><\/div><div class=\"w-separator size_small\"><\/div><div class=\"w-btn-wrapper align_left hide_on_mobiles\"><a class=\"w-btn us-btn-style_3\" href=\"https:\/\/www.paypal.com\/donate\/?hosted_button_id=WU574MYTU34NU&amp;sdkMeta=eyJ1cmwiOiJodHRwczovL3d3dy5wYXlwYWxvYmplY3RzLmNvbS9kb25hdGUvc2RrL2RvbmF0ZS1zZGsuanMiLCJhdHRycyI6eyJkYXRhLXVpZCI6IjBlNWFlNWFiM2NfbWRlNm10ZzZuZGsifX0&amp;targetMeta=eyJ6b2lkVmVyc2lvbiI6IjlfMF81OCIsInRhcmdldCI6IkRPTkFURSIsInNka1ZlcnNpb24iOiIwLjguMCJ9\"><span class=\"w-btn-label\">Donaciones<\/span><\/a><\/div><\/div><\/div><div class=\"wpb_column vc_column_container hide_on_tablets\"><div class=\"vc_column-inner\"><div class=\"w-image has_ratio align_none\"><div class=\"w-image-h\"><div style=\"padding-bottom:100%\"><\/div><img decoding=\"async\" width=\"1024\" height=\"576\" data-src=\"https:\/\/www.fundacionbiodiversa.org\/fundacion2024\/wp-content\/uploads\/2024\/06\/DJI_0802-scaled-1.webp\" class=\"attachment-large size-large lazyload\" alt=\"\" data-srcset=\"https:\/\/www.fundacionbiodiversa.org\/fundacion2024\/wp-content\/uploads\/2024\/06\/DJI_0802-scaled-1.webp 1024w, https:\/\/www.fundacionbiodiversa.org\/fundacion2024\/wp-content\/uploads\/2024\/06\/DJI_0802-scaled-1-300x169.webp 300w\" data-sizes=\"(max-width: 1024px) 100vw, 1024px\" src=\"data:image\/svg+xml;base64,PHN2ZyB3aWR0aD0iMSIgaGVpZ2h0PSIxIiB4bWxucz0iaHR0cDovL3d3dy53My5vcmcvMjAwMC9zdmciPjwvc3ZnPg==\" style=\"--smush-placeholder-width: 1024px; --smush-placeholder-aspect-ratio: 1024\/576;\" \/><\/div><\/div><div class=\"w-separator size_small\"><\/div><div class=\"wpb_text_column us_custom_f221e5ff\"><div class=\"wpb_wrapper\"><h5><strong>\u00a1Compra un \u00e1rbol!<\/strong><\/h5>\n<p>Ayudar a financiar la restauraci\u00f3n de tierras de pastoreo de ganado a bosques naturales.<\/p>\n<\/div><\/div><div class=\"w-image align_none\"><a href=\"https:\/\/www.trilliontreecampaign.org\/es\/community-based-restoration-at-el-silencio-natural-reserve\" aria-label=\"th\" class=\"w-image-h\"><img decoding=\"async\" width=\"200\" height=\"70\" data-src=\"https:\/\/www.fundacionbiodiversa.org\/fundacion2024\/wp-content\/uploads\/2024\/06\/th.webp\" class=\"attachment-large size-large lazyload\" alt=\"\" src=\"data:image\/svg+xml;base64,PHN2ZyB3aWR0aD0iMSIgaGVpZ2h0PSIxIiB4bWxucz0iaHR0cDovL3d3dy53My5vcmcvMjAwMC9zdmciPjwvc3ZnPg==\" style=\"--smush-placeholder-width: 200px; --smush-placeholder-aspect-ratio: 200\/70;\" \/><\/a><\/div><div class=\"w-separator size_small\"><\/div><div class=\"wpb_text_column\"><div class=\"wpb_wrapper\"><p><strong>En facebook (si se permiten donaciones desde tu pa\u00eds):<\/strong><br \/>\n<iframe data-src=\"https:\/\/www.facebook.com\/plugins\/page.php?href=https%3A%2F%2Fwww.facebook.com%2Fbiodiversafoundation&amp;tabs&amp;width=500&amp;height=130&amp;small_header=false&amp;adapt_container_width=true&amp;hide_cover=false&amp;show_facepile=true&amp;appId\" width=\"500\" height=\"130\" frameborder=\"0\" scrolling=\"no\" allowfullscreen=\"allowfullscreen\" src=\"data:image\/svg+xml;base64,PHN2ZyB3aWR0aD0iMSIgaGVpZ2h0PSIxIiB4bWxucz0iaHR0cDovL3d3dy53My5vcmcvMjAwMC9zdmciPjwvc3ZnPg==\" class=\"lazyload\" data-load-mode=\"1\"><\/iframe><\/p>\n<\/div><\/div><\/div><\/div><\/div><div class=\"w-separator size_medium\"><\/div><\/div><\/div><\/div><\/div><\/section>\n","protected":false},"excerpt":{"rendered":"\u00bfCom\u00f3 puedes ayudarnos ? Como patr\u00f3n recibes mensualmente un v\u00eddeo de los animales de la reserva y un bono de estancia en la reserva. Su dinero se destina a nuestros guardias forestales, a plantar \u00e1rboles y otras cosas que necesitamos para administrar la reserva. Hazte MiembroTransferencia bancaria:\u00a0Para donar directamente a nuestras cuentas bancarias colombianas, transfiera...","protected":false},"author":1,"featured_media":0,"parent":0,"menu_order":0,"comment_status":"closed","ping_status":"closed","template":"","meta":{"footnotes":""},"class_list":["post-427","page","type-page","status-publish","hentry"],"_links":{"self":[{"href":"https:\/\/www.fundacionbiodiversa.org\/fundacion2024\/wp-json\/wp\/v2\/pages\/427","targetHints":{"allow":["GET"]}}],"collection":[{"href":"https:\/\/www.fundacionbiodiversa.org\/fundacion2024\/wp-json\/wp\/v2\/pages"}],"about":[{"href":"https:\/\/www.fundacionbiodiversa.org\/fundacion2024\/wp-json\/wp\/v2\/types\/page"}],"author":[{"embeddable":true,"href":"https:\/\/www.fundacionbiodiversa.org\/fundacion2024\/wp-json\/wp\/v2\/users\/1"}],"replies":[{"embeddable":true,"href":"https:\/\/www.fundacionbiodiversa.org\/fundacion2024\/wp-json\/wp\/v2\/comments?post=427"}],"version-history":[{"count":41,"href":"https:\/\/www.fundacionbiodiversa.org\/fundacion2024\/wp-json\/wp\/v2\/pages\/427\/revisions"}],"predecessor-version":[{"id":901,"href":"https:\/\/www.fundacionbiodiversa.org\/fundacion2024\/wp-json\/wp\/v2\/pages\/427\/revisions\/901"}],"wp:attachment":[{"href":"https:\/\/www.fundacionbiodiversa.org\/fundacion2024\/wp-json\/wp\/v2\/media?parent=427"}],"curies":[{"name":"wp","href":"https:\/\/api.w.org\/{rel}","templated":true}]}}